{"id":577,"date":"2024-07-19T16:27:56","date_gmt":"2024-07-19T14:27:56","guid":{"rendered":"https:\/\/www.hof-sue.de\/?page_id=577"},"modified":"2025-03-11T09:36:10","modified_gmt":"2025-03-11T08:36:10","slug":"kids","status":"publish","type":"page","link":"https:\/\/www.hof-sue.de\/?page_id=577","title":{"rendered":"Kids"},"content":{"rendered":"\t\t<div data-elementor-type=\"wp-page\" data-elementor-id=\"577\" class=\"elementor elementor-577\" data-elementor-post-type=\"page\">\n\t\t\t\t\t\t<section class=\"elementor-section elementor-top-section elementor-element elementor-element-dfe3dbf elementor-section-boxed elementor-section-height-default elementor-section-height-default\" data-id=\"dfe3dbf\" data-element_type=\"section\">\n\t\t\t\t\t\t<div class=\"elementor-container elementor-column-gap-default\">\n\t\t\t\t\t<div class=\"elementor-column elementor-col-100 elementor-top-column elementor-element elementor-element-615b1b8\" data-id=\"615b1b8\" data-element_type=\"column\">\n\t\t\t<div class=\"elementor-widget-wrap elementor-element-populated\">\n\t\t\t\t\t\t<div class=\"elementor-element elementor-element-5ab6629 elementor-widget elementor-widget-text-editor\" data-id=\"5ab6629\" data-element_type=\"widget\" data-widget_type=\"text-editor.default\">\n\t\t\t\t<div class=\"elementor-widget-container\">\n\t\t\t\t\t\t\t<p>Liebe Kinder,<\/p>\n<ul>\n<li>bei uns k\u00f6nnt ihr euren Geburtstag feiern<\/li>\n<li>einen Wandertag von der Schule oder dem Kindergarten erleben<\/li>\n<li>euer Abschlu\u00dffest von der Grundschule genie\u00dfen<br><\/li><\/ul><div><br><\/div><ul>\n<\/ul>\n<p>Bei Interesse und Fragen ruft uns gern an 0172\/1825566.<\/p>\t\t\t\t\t\t<\/div>\n\t\t\t\t<\/div>\n\t\t\t\t\t<\/div>\n\t\t<\/div>\n\t\t\t\t\t<\/div>\n\t\t<\/section>\n\t\t\t\t<\/div>\n\t\t","protected":false},"excerpt":{"rendered":"<p>Liebe Kinder, bei uns k\u00f6nnt ihr euren Geburtstag feiern einen Wandertag von der Schule oder dem Kindergarten erleben euer Abschlu\u00dffest von der Grundschule genie\u00dfen Bei Interesse und Fragen ruft uns gern an 0172\/1825566.<\/p>\n","protected":false},"author":2,"featured_media":0,"parent":0,"menu_order":0,"comment_status":"closed","ping_status":"closed","template":"","meta":{"footnotes":""},"class_list":["post-577","page","type-page","status-publish","hentry"],"_links":{"self":[{"href":"https:\/\/www.hof-sue.de\/index.php?rest_route=\/wp\/v2\/pages\/577","targetHints":{"allow":["GET"]}}],"collection":[{"href":"https:\/\/www.hof-sue.de\/index.php?rest_route=\/wp\/v2\/pages"}],"about":[{"href":"https:\/\/www.hof-sue.de\/index.php?rest_route=\/wp\/v2\/types\/page"}],"author":[{"embeddable":true,"href":"https:\/\/www.hof-sue.de\/index.php?rest_route=\/wp\/v2\/users\/2"}],"replies":[{"embeddable":true,"href":"https:\/\/www.hof-sue.de\/index.php?rest_route=%2Fwp%2Fv2%2Fcomments&post=577"}],"version-history":[{"count":7,"href":"https:\/\/www.hof-sue.de\/index.php?rest_route=\/wp\/v2\/pages\/577\/revisions"}],"predecessor-version":[{"id":763,"href":"https:\/\/www.hof-sue.de\/index.php?rest_route=\/wp\/v2\/pages\/577\/revisions\/763"}],"wp:attachment":[{"href":"https:\/\/www.hof-sue.de\/index.php?rest_route=%2Fwp%2Fv2%2Fmedia&parent=577"}],"curies":[{"name":"wp","href":"https:\/\/api.w.org\/{rel}","templated":true}]}}